 y(z)?
4
Suppose 2*d + 10 + 32 = 0. Let n = d + 44. Let w = n - 23. Let f(t) = -t**2 + t + 8. What is f(w)?
8
Let z(n) = -n**2 + 5*n - 2. Let g be z(4). Suppose i = -q - g, 3*q - 4*q + 2*i = 2. Let r(p) be the third derivative of -p**4/12 + p**3/6 - 10*p**2. Give r(q).
5
Let l(c) = 3*c**3 + 12*c**2 - 21*c - 6. Let p(k) = -2*k**3 - 8*k**2 + 14*k + 4. Let b = -3 - -10. Let h(a) = b*p(a) + 5*l(a). Determine h(-5).
8
Let y(o) = 71*o - 19*o - 45*o. Give y(4).
28
Let j(d) be the first derivative of -d**4/4 + 8*d**3/3 - 2*d**2 - 16*d - 158. Determine j(7).
5
Suppose -d = 3*c - 17, 6*c - 3*c + 8 = 4*d. Suppose 0 = 2*z + z - 2*f - 1, 0 = f - c. Let b be (-5)/(52/24 - z). Let m(i) = -i + 5. Calculate m(b).
-1
Let r(s) = -s**3 + 7*s**2 + 4*s - 21. Let o(i) = -i**3 - 15*i**2 - 52*i - 13. Let p be o(-10). Give r(p).
7
Let g(l) be the second derivative of -l**4/12 - l**3 - l. Let w be ((-3)/9)/((-2)/18). Suppose 3*t - 12 = 0, -7 = w*y + t + t. Determine g(y).
5
Let i(f) be the first derivative of -f**3/3 + 2*f**2 + 4*f - 530. Let l(u) = -u**3 + 4*u**2 + 7*u - 6. Let t be l(5). What is i(t)?
4
Let h(v) = -2*v + 33. Suppose -5*o + 62 = -4*t + 7, 2*o + 5*t - 55 = 0. Give h(o).
3
Let t(v) = -v**3 + 3*v**2 + 5*v + 8. Suppose 11*y - 2*k = 7*y + 10, 5*y - 2*k = 14. Give t(y).
12
Let b(m) = 20*m + 6. Let q(z) = 11*z + 3. Let i(c) = 6*b(c) - 11*q(c). Calculate i(-7).
10
Let x(m) = 3388*m + 3381*m - 6771*m + 4. What is x(4)?
-4
Let z(i) = -8 + 2 + 6*i**2 + 7*i**2 - 12*i**2 - 5*i. Calculate z(6).
0
Let v = 2517 - 2511. Let o(p) = 2*p + 3. Give o(v).
15
Let g(n) = 6*n**3 - 2*n**2 + n. Let r be 12/9 + (-10)/(-6) + -2. Calculate g(r).
5
Let g(u) = u**2 - 2*u - 3. Let b be g(4). Suppose -k + 10 = 2*m, -2*m + b*m = -3*k + 15. Let s(v) = -v**3 + 6*v**2 - 6*v - 2. Calculate s(m).
-7
Let j(u) = 8*u**3 - 47*u**2 + 3*u - 9. Let a(x) = -3*x**3 + 17*x**2 - x + 3. Let p(b) = 11*a(b) + 4*j(b). Give p(-2).
-1
Let x(i) = -2*i**2 + 8*i - 3. Let f be 7 + (-4)/4 + -3. Suppose 7*u - 6*u = f. Let v be x(u). Let z(c) = c**3 - 4*c**2 + 4*c - 3. What is z(v)?
0
Let i(w) = 8 + 7 + 5 + w. Determine i(0).
20
Suppose 0 = -9*l + 7198 - 7090. Let h(y) = -4*y + 32. Give h(l).
-16
Let r(s) be the third derivative of -s**4/8 - s**3 + s**2 + 63*s. Determine r(3).
-15
Let t(n) be the first derivative of -2*n**2 - 3*n - 29. Calculate t(-2).
5
Let q(u) = -u**2 - 16*u + 24. Let b(c) = -c**2 - 16*c + 23. Let n(v) = 6*b(v) - 5*q(v). What is n(-17)?
1
Let z(u) = 2 - u + 9*u + 5*u**2 - u**2 - 4*u. Determine z(-2).
10
Let m = -7 + 10. Suppose 16 = m*p - 4*x - 7, -5*x = -5*p + 30. Let g(t) = -6*t**3 - t**2. What is g(p)?
-7
Let t(r) = -5*r**2 - r + 19. Let q(c) = 12*c**2 + 2*c - 37. Let v(l) = -3*q(l) - 7*t(l). Determine v(0).
-22
Let a(c) = c**3 - 7*c**2 + 6*c. Let u be (2/(-2))/((-7)/35). Suppose 3*w - 23 = -5*x, -u*w + w + 27 = 3*x. Calculate a(w).
0
Let p(f) = 2*f**2 + f + 8. Let h(n) = -n**2 - 1. Let y(g) = -3*g**3 + g**2 + g. Let j be y(-1). Suppose -2*w + 257 = 255. Let a(k) = j*h(k) + w*p(k). Give a(0).
5
Let f be 1/3 - 1 - 10/(-6). Let v(t) = -4*t**2 - 3*t - 2. Let j(y) = 5*y**2 + 2*y + 1. Let p(c) = -3*j(c) - 2*v(c). What is p(f)?
-6
Let j(i) = -7*i**3 + 2*i**2 - i. Suppose -5*v + 6 = -a, -11 + 14 = -3*a. Determine j(v).
-6
Let g(s) = -12*s + 3. Let t(b) = -2*b**3 + 14*b**2 + b + 2. Let d be t(0). Determine g(d).
-21
Suppose 3*q - 3 = -0*q. Let t(i) = -6 - q - 4*i + 6*i. Let p be t(5). Let o(z) = z**3 - 2*z**2 - z - 4. Determine o(p).
2
Suppose 34*w + 37 + 31 = 0. Let u(i) = i**3 + 2. Let g be u(0). Let b(r) = 4 - 4 + 3*r**3 + 3*r**g. Calculate b(w).
-12
Let g(t) be the third derivative of t**5/60 - t**4/8 + t**3/6 - 5*t**2. Let j(n) be the first derivative of g(n). Suppose 4*v = 10 + 14. What is j(v)?
9
Let k be 4/(-20) - 41/(-5). Let s(j) = -3 - 1 + k*j + 28*j**2 - j**3 - 23*j**2. Determine s(6).
8
Let l(k) = 9*k - 13. Suppose -4*y + 28 = -2*g, 4*y + 4*g = 21 + 19. Determine l(y).
59
Suppose 0 = 3*j + 4*k - 36, -3*j + 17 = -2*j + 3*k. Let z(v) = -v**2 + 7*v + 3. What is z(j)?
-5
Let u(b) be the first derivative of -3*b + 4/3*b**3 - 1/4*b**4 + 7/2*b**2 - 3. Calculate u(5).
7
Let c(o) = -o - 1. Let f(u) = 4*u + 1. Let v(z) = 6*c(z) + 3*f(z). Suppose -23 = -4*d + 65. Let n = d - 20. Determine v(n).
9
Let z(d) be the first derivative of 0*d**2 + d - 13/4*d**4 + 25 + 0*d**3. Calculate z(-1).
14
Let n(y) = 11*y - 9*y - 2554 + 2555 - 2*y**2. Calculate n(4).
-23
Let x(w) = 2*w + 2*w - w**2 - 3*w + 0*w**2 + 5. Suppose 8*l + l = 36. Give x(l).
-7
Suppose 5*b - 29 = 121. Let t be ((-3)/(-9))/(2/b). Let k(y) = -y**2 + 6*y - 6. Give k(t).
-1
Let u(n) = -n**2 + n - 8 + 26 - 11 + 3*n**2. Calculate u(0).
7
Let y = -137 - -144. Let v(p) = p**2 - 8*p + 5. What is v(y)?
-2
Let o(y) be the second derivative of -y**4/12 + y**3/6 - 9*y**2/2 - 4*y - 50. Determine o(5).
-29
Let x(s) be the first derivative of 4/3*s**3 - 1/2*s**2 - s - 26. Calculate x(-2).
17
Let x(l) be the first derivative of l**2 + 42*l - 938. Give x(-17).
8
Let m = -100 + 170. Suppose 0 = -27*y + 17*y - m. Let z(c) = c**3 + 8*c**2 + 10*c + 5. Give z(y).
-16
Let l(f) = 4 - f - 4*f - 1. Suppose 1111 = 6*v + 5*v. Let u = -99 + v. Determine l(u).
-7
Let b(k) be the second derivative of -k**6/360 + k**5/24 + k**4/12 - 9*k**3/2 + 15*k. Let u(a) be the second derivative of b(a). What is u(5)?
2
Suppose 0 = 3*v - 8 - 10. Let g be (0 - 10/(-2)) + 1. Suppose -v*t + 4*t = -g. Let h(d) = 2*d**3 - 3*d**2 - 2*d - 4. What is h(t)?
17
Let g(d) be the first derivative of -2*d**3/3 + 13*d**2/2 - d - 261. Calculate g(6).
5
Let q(d) = d + 0 - d - d + 4. Calculate q(7).
-3
Let p(h) = 13*h**3 - 2*h**2 - 2*h - 1. Let l be (1 - -1)*3/(-6). What is p(l)?
-14
Suppose -10 = -9*g + 11*g + 2*u, 5*g + 3*u + 19 = 0. Let i(m) = -3*m**3 - 2*m**2 - 2*m - 1. Give i(g).
19
Let d = 4 + 2. Let g be d/(-15)*(-5 - 0). Suppose -l - g = -0. Let t(q) = 2*q**2 - 1. Give t(l).
7
Let p(b) be the third derivative of b**6/720 - 11*b**5/120 + b**4/4 + 12*b**2. Let t(a) be the second derivative of p(a). Calculate t(5).
-6
Let g(i) be the first derivative of -4*i**2 + i + 312. Determine g(1).
-7
Let w(i) be the second derivative of -i**3/6 + i**2 - 7*i. Let j(h) = 2*h**3 + 2*h**2 - 3*h - 2. Let r be j(-2). What is w(r)?
6
Let j(w) be the first derivative of -w**2/2 - 4*w + 4. Suppose 0 = -b + 6*b - 15. Determine j(b).
-7
Let x = 156 + -160. Let z(o) = o**3 + 3*o**2 - o + 3. What is z(x)?
-9
Let a = -3 + 6. Suppose -f - a = -4*f. Let o(y) be the first derivative of 3*y**2/2 - y - 24. Determine o(f).
2
Suppose -5*h - r = -2 + 1, -5 = h - 5*r. Suppose 3*p - 2*v - 6 = v, 4*p + 3*v - 15 = h. Let m(y) = -1 - 4*y**2 + p*y**2 - 5. Determine m(0).
-6
Let c(g) = -9*g**2 + 7*g**2 + 3*g**2 + 5 + 2*g. Let z = 2 - 3. Let h = z + -3. Give c(h).
13
Let g(x) = -x**2 + 8*x + 15. Let y be g(9). Let u(z) = -3*z + 11. Calculate u(y).
-7
Let b be -9*2*2/(-12). Let u(p) = -3*p**2 - 5*p - 3. Let k(h) = -7*h**2 + 2*h + 8*h**2 + 2 + 3*h - 3*h. Let j(l) = 5*k(l) + 2*u(l). Give j(b).
-5
Let f(z) = -11*z**2 - 36*z - 13. Let t(j) = 5*j**2 + 17*j + 7. Let c(b) = -4*f(b) - 9*t(b). What is c(-5)?
9
Let p(u) = u**3 + 3*u**2 - 2*u - 2. Suppose -30 = -17*b + 4. What is p(b)?
14
Let q(n) = -17*n - 18. Let b(l) = -8*l - 9. Let h(v) = 13*b(v) - 6*q(v). Let u be h(-6). Let a(y) = -y**2 + 3*y + 2. Determine a(u).
2
Let q(w) = 19*w**2 + 27*w + 25. Let k(i) = -16*i**2 - 25*i - 24. Let g(d) = 6*k(d) + 5*q(d). What is g(-14)?
-5
Let n(o) be the second derivative of -1/20*o**5 + 0*o**3 + 0*o**2 + 0 + 24*o + 1/3*o**4. Calculate n(3).
9
Let u = 6 - 5. Suppose -p + 0*p = -u. Let m(w) = -14*w**3 - 5*w**2 - 3*w. Let d(j) = -7*j**3 - 3*j**2 - 2*j. Let s(c) = 5*d(c) - 3*m(c). Calculate s(p).
6
Let p(v) = -9*v**2 - 7*v - 3. Let b be 14/(-7)*5/2. Let t(a) = -13*a**2 - 10*a - 4. Let n(l) = b*t(l) + 7*p(l). Let s be (1/(-2))/(1/(-2)). Give n(s).
2
Let p(m) = -37*m - 5 - m**2 - 31*m + 78*m + 3. What is p(9)?
7
Suppose 2*s + 4 = 4*s. Suppose -s*x + 10 = -0*x. Suppose 11 = 3*d - 1, -5*g = x*d - 40. Let k(r) = r**2 - 3*r - 3. Calculate k(g).
1
Let i(f) be the third derivative of -29*f**4/12 + f**3/6 - 322*f**2. Calculate i(1).
-57
Let t(j) = 6*j - 12. Let k(f) = 22*f + 333. Let n be k(-15). What is t(n)?
6
Let f(w) = 4*w**2 + 21*w + 17. Let y(n) = -n**2 - 7*